alculate the highest common factor of z and x.
19
Suppose 3*y + 1443 = 3*j, 37*y = -2*j + 42*y + 947. What is the highest common factor of 6 and j?
6
Suppose 0*w - 5*w = -10. Let n = 17 - w. Suppose x = -3*l + 168, 2*x - 5*l - 820 = -3*x. Calculate the highest common divisor of x and n.
15
Suppose -22*m + 15*m + 105 = 0. What is the greatest common factor of m and 390?
15
Suppose 0 = 3*o + 5*b - 396, -2*o + 67 = -b - 197. Let k = 4 + 8. Calculate the highest common divisor of k and o.
12
Suppose 20 = 5*a - 55. Let y = 383 + -263. What is the greatest common divisor of y and a?
15
Suppose -5*s + 2823 = 4*l - 6*l, 5*s - l - 2819 = 0. Let r = 854 - s. Let g = r - 171. What is the highest common factor of g and 15?
15
Suppose 0 = p + 42 - 17. Let d be (p - -3)*(1 - 2). Calculate the greatest common factor of 55 and d.
11
Suppose 0 = 31*q - 38*q + 147. Let t(z) = -z**2 - z - 3. Let b be t(-3). Let p = q + b. What is the greatest common divisor of 48 and p?
12
Let j = -72 + 105. Suppose -x + 5*g - 9 = 7, 10 = -4*x + 2*g. Let p(h) = 3*h**2 - h - 1. Let w be p(x). What is the highest common factor of j and w?
3
Let x(w) = 3*w**3 - w - 1. Suppose 0 = -6*p + 2*p + r + 12, -2*r + 8 = 0. Let u be x(p). Let a = 52 - 35. What is the highest common factor of u and a?
17
Suppose -4*q = -4*a - 224, -2 - 1 = 3*a. Calculate the greatest common divisor of 110 and q.
55
Suppose -6*d = -3*s - 2*d + 3, d - 2 = -2*s. Let y be (-12)/(-1*s/4). Suppose 0 = -20*k - 17*k + 222. Calculate the highest common divisor of y and k.
6
Suppose p = -k + 8, -4*k = -7*p + 3*p - 48. Let y(n) = -9*n + 2. Let v be y(-2). What is the greatest common divisor of k and v?
10
Let c(i) = 13*i**2 - 2*i. Let r be c(2). Suppose 2*x + 46 - r = 0. Calculate the highest common divisor of x and 5.
1
Let d = 740 + -439. Suppose -5*u + d + 464 = 0. Suppose 2*v + 5*x - u = 0, -174 = -2*v - 0*v + 2*x. Calculate the highest common factor of v and 12.
12
Suppose 0 = 4*d - 20, -13 - 16 = -3*q + 2*d. Let v be (-21)/(-6)*226/7. Suppose -v + q = -4*g. What is the greatest common divisor of 5 and g?
5
Suppose 255 = 13*i - 10*i. Suppose -2*r + i = 37. Calculate the highest common factor of 16 and r.
8
Suppose -88*o + 3148 = 596. What is the greatest common factor of o and 1682?
29
Suppose 0 = -b + 387 - 279. What is the greatest common divisor of b and 16?
4
Suppose 5*d - i = 14, 6*i = 5*d + 3*i - 12. Suppose -144 = -4*y + 2*n, 0 = y - d*n - 2*n - 45. Calculate the highest common divisor of y and 7.
7
Let k = 141 + -131. What is the highest common divisor of k and 10?
10
Let k be 10/(-4)*(-13 + 7). Let t(f) = -f**2 + 15*f + 4. Let q be t(k). Calculate the highest common divisor of q and 6.
2
Let q be 46*(-69)/(-36) + (-87)/522. Suppose 0 = 3*f + 5 - 29. Calculate the highest common divisor of f and q.
8
Suppose 18 = 2*t - 6. Suppose 155 = 5*i - 125. Suppose 4*o - i = -o + 2*l, -2*l + 4 = 0. Calculate the highest common factor of o and t.
12
Suppose 4*t - 45 = 51. What is the highest common factor of 216 and t?
24
Suppose 0 = 15*w + 6*w - 924. Calculate the greatest common factor of 1628 and w.
44
Suppose d = -43*r + 40*r + 1164, -2*r + 3520 = 3*d. What is the greatest common divisor of 42 and d?
42
Let x(j) = -j + 7. Let c be x(7). Suppose -4*u - 8 = 0, z = -c*z - 5*u - 2. Calculate the highest common divisor of z and 56.
8
Let j be 158/8 + 2/8. Let f(q) = 2*q - 28. Let k be 8/(-2)*171/(-36). Let x be f(k). Calculate the highest common factor of x and j.
10
Suppose -10 = -4*h + r, 9*r - 16 = -2*h + 4*r. What is the greatest common divisor of 1 and h?
1
Let x be (1/(-2))/((-5)/440*4). Let v = x + 19. Calculate the highest common divisor of 75 and v.
15
Suppose 16*y - 5*t - 330 = 11*y, 2*t = -5*y + 323. Suppose 19 - 4 = 3*b. Calculate the highest common divisor of b and y.
5
Let k = -131 - -274. Calculate the greatest common factor of k and 66.
11
Let c be ((10/4)/(-5))/(26/(-1040)). What is the greatest common factor of c and 540?
20
Let r be -3*(5 + -1 + -2). Let x be -1*r/8 + (-174)/(-24). Let f(q) = q**3 - q**2 - 5*q - 3. Let s be f(5). What is the greatest common factor of x and s?
8
Let k be (-21)/(-6)*4 + -1. Let w be 7/((-7)/18)*182/(-28). Calculate the greatest common factor of w and k.
13
Let v be 52*((-77)/(-28))/11. Suppose 5*x - 85 = 4*h, -4*x - 2*h - 12 = -54. What is the highest common factor of x and v?
13
Let n(w) = w + 121. Let b be n(35). Calculate the greatest common factor of b and 12.
12
Let u = 19 - 19. Let n = u + 6. Suppose -n = -5*l + 3*q - 4*q, 10 = 3*l - q. Calculate the highest common factor of l and 16.
2
Suppose -5*g + m - 6*m = -1065, -852 = -4*g - 2*m. Let y = 539 - g. Suppose 3*k - 244 = y. What is the greatest common divisor of 76 and k?
38
Suppose 50 - 134 = -3*k. Let s be (4 - 10)*(-66)/18. Let w be k/(-35)*(2 - s). What is the highest common divisor of 8 and w?
8
Suppose 2*b - 826 = -5*p, 7*b - 4*b + 155 = p. Let y be p + (3 - 1) + 2. Calculate the highest common divisor of 24 and y.
24
Let g = 17 - -6. Suppose 5*m + 2*c - 3*c - 809 = 0, 471 = 3*m + 3*c. What is the highest common divisor of g and m?
23
Let r(u) = -u**2 + 7*u - 3. Let f be r(3). Let v(l) = l + 7. Let j be v(f). Suppose 0*i - 5*i + 10 = 0. What is the greatest common factor of j and i?
2
Suppose 0 = -3*j - 2*j + 3*k + 380, 3*k = -2*j + 173. Let w = j + -138. Let t = w + 95. Calculate the greatest common factor of t and 324.
36
Suppose c = -3*c - 3*w + 19, 2*c + w - 9 = 0. Suppose 6 = -2*f - 4, -s = -c*f. Let a be (-370)/s + (-2)/4. Calculate the greatest common factor of 12 and a.
6
Suppose 189 = 9*d - 117. What is the highest common factor of 136 and d?
34
Suppose -48*u + 89 = -7. Let d(s) = s**3 + 7*s**2 + 4. Let b be d(-5). Suppose b = u*m + 2. Calculate the greatest common factor of m and 13.
13
Let l be -2 + (344 - -3) - 1. What is the greatest common factor of l and 8?
8
Let q(i) = i**2 + 3*i - 7. Let m be q(-5). Suppose 0 = m*j + 53 - 101. Calculate the highest common factor of 2 and j.
2
Let k = -25 + 36. Let n = k - 10. Calculate the highest common divisor of n and 3.
1
Suppose 20*f - 16*f - 56 = 0. Let o be -2*((4 - 9) + 2). Calculate the highest common factor of f and o.
2
Let d(r) = -r**3 + 29*r**2 + 37*r - 34. Let g be d(30). What is the greatest common divisor of g and 44?
44
Let z = 82 - -140. Let k(l) = -27*l - 6. Let y be k(-4). Let h = z - y. What is the greatest common factor of h and 15?
15
Suppose 0 = 2*n - 5*n - 2*q + 99, -16 = -n + 5*q. Let z = -384 - -539. Calculate the greatest common factor of z and n.
31
Let n(k) be the second derivative of k**4/12 - k**3 + 2*k**2 + 2*k. Let o be n(10). What is the greatest common factor of o and 22?
22
Suppose -26 + 10 = -d. Let h = -10 + d. Suppose 4*c + 4*y = 3*c + h, -y = c - 15. Calculate the greatest common divisor of 90 and c.
18
Suppose -24 = 24*y - 26*y. Let b(u) = -2*u - 14. Suppose -30 = 3*c + 2*i, 4*c + 44 = -5*i + 4. Let l be b(c). What is the greatest common divisor of y and l?
6
Let i(w) = -w**3 - 23*w**2 - w - 32. Let s be i(-23). Let v be (-15)/(-2)*(-7 - s). What is the highest common divisor of v and 150?
15
Suppose 0*a - 2839 = -3*t - 2*a, -4*a - 3752 = -4*t. Calculate the highest common divisor of t and 23.
23
Let s = 68 + -70. Let o = s + 18. Calculate the greatest common factor of 128 and o.
16
Suppose 314 = 2*y + 2*c, -y + 86 + 71 = -2*c. Suppose o + 145 = y. What is the highest common factor of 30 and o?
6
Let f(s) = s + 3. Let l be (-46)/(-4) + 3/6. Let m be f(l). What is the greatest common divisor of 5 and m?
5
Let t(k) = -9*k + 18. Suppose 5*f + 101 = 46. Let h be t(f). Let o be (26 - 0)*(-2)/(-4). What is the highest common factor of o and h?
13
Let a(y) = 20*y**2 - 4. Let l(z) = 2*z - 11. Let o be l(7). Let k be a(o). What is the highest common divisor of 22 and k?
22
Let y be (-116)/(-87) + 412/6. Calculate the greatest common divisor of 175 and y.
35
Let w(g) = -7*g + 11. Let b(k) = -13*k + 22. Let v(i) = 6*b(i) - 11*w(i). Let r be v(2). What is the highest common divisor of 3 and r?
3
Suppose -5*o + 0 = -3*k - 8, -5*k + 28 = 2*o. Suppose -m = -y - 5*m + 191, m - 749 = -o*y. Let n = 243 + -226. Calculate the greatest common divisor of n and y.
17
Let m(g) = -2*g**2 - 6*g + 4. Let q be m(4). Let z = -154 - q. Let